 4 + 12 = 0. Let u be (r/(-12))/((-2)/3). List the prime factors of (10/(-25))/(u/(-55)).
2, 11
Suppose 5*b + 4*n + 4 = 31, b = -2*n + 9. Let u be 7/((-21)/(-18)) - b. Suppose 13 + 23 = u*j. What are the prime factors of j?
2, 3
Suppose 29*c + 136 = 27*c. Let d = 78 + c. List the prime factors of d.
2, 5
Suppose 0 = n - 3*n - 38. Let o = n - -26. Suppose 4*v + p + 142 = o*v, 93 = 2*v + p. List the prime factors of v.
47
Let d = 18 - 24. What are the prime factors of (-28)/(-8) + d/(-4)?
5
Suppose -4096 = -u - 2469. List the prime factors of u.
1627
Let m(a) = 54*a. Let k be m(-1). What are the prime factors of (1 - 0)/((-2)/k)?
3
Let x(v) = 12*v**2 + 2. Let r be x(-2). Let s be 1*r + 2 + 1. Suppose -3*j + 1 + s = 0. List the prime factors of j.
2, 3
Let n(k) = -17*k + 495. List the prime factors of n(-36).
3, 41
Suppose -2*k - 1 = -0*h + 3*h, -5*h - k + 10 = 0. Suppose 23 = h*o - 79. List the prime factors of o.
2, 17
Suppose -4*h + 4*v = -0*v - 704, h + 5*v - 146 = 0. List the prime factors of h.
3, 19
Let i(k) = 24*k + 39. List the prime factors of i(4).
3, 5
Suppose -70*t = -69*t. Suppose -s + 22 = -w + 4*w, -s + 4*w + 1 = 0. Suppose -3*a + s + 38 = t. List the prime factors of a.
17
Suppose -12*f = -2345 - 9907. List the prime factors of f.
1021
Let k = 773 + -765. Let g = -19 + 34. Let s = g - k. List the prime factors of s.
7
Suppose z + 5*y = 199, -y + 6*y = -5. List the prime factors of z.
2, 3, 17
Suppose 13*r - 13300 = 28183. List the prime factors of r.
3191
What are the prime factors of (-3 - 8)*(-229 + 6 - 2)?
3, 5, 11
Let u(n) = -n**3 - 17*n**2 - 3*n + 16. Suppose -5*j - 196 = 2*j. Let h = 11 + j. List the prime factors of u(h).
67
Let d be (3 - (-9)/(-6))*2. Suppose v + d*j = 1, 4*v - 28 = -j + 9. Suppose 5*o + 0*o = v. List the prime factors of o.
2
Suppose -2*d - 102 = -3*d. Suppose 3*q = d - 12. Suppose -4*p = -202 - q. List the prime factors of p.
2, 29
Suppose -6*m + 25 = 73. Let k(s) = -3*s**3 + 3*s**2 + s + 4. Let j be k(3). Let c = m - j. What are the prime factors of c?
3, 13
Let p(d) = -8*d - 6. Let s be 0*(15/6 - 3). Suppose -2*z + 6*z + 44 = 4*w, s = -4*z + 5*w - 49. List the prime factors of p(z).
2, 3, 7
Let m = -5670 - -10097. What are the prime factors of m?
19, 233
Let o = 556 - 319. What are the prime factors of o?
3, 79
Let p be 19/57 - (-2)/(-6). Suppose -65 = -d - 2*k, p = -3*d + 2*k + 356 - 121. What are the prime factors of d?
3, 5
Let p(a) = 89*a**2 + 5*a + 4. Let j be p(-2). Suppose 3*k = k + j. What are the prime factors of k?
5, 7
Let n = -78 - 0. Let l = n - -135. Suppose b = x - 9 - 0, 5*x - b - l = 0. List the prime factors of x.
2, 3
Suppose 0 = a - 4, 0 = -4*m + m + a + 791. List the prime factors of m.
5, 53
Let b(t) = -2*t**3 - 4*t**2 + t. What are the prime factors of b(-7)?
3, 7, 23
Suppose -4*o = 18*n - 15*n - 2829, 0 = -5*o + 5*n + 3510. What are the prime factors of o?
3, 5, 47
Let k(c) be the second derivative of -c**4/12 + 5*c**3/6 + c**2 + c. Let z be k(6). Let x(m) = m**3 + 6*m**2 + 4*m + 1. List the prime factors of x(z).
17
Let m = -221 - -357. Let u = m + -73. List the prime factors of u.
3, 7
What are the prime factors of (-6184)/(-11) + (-6)/33?
2, 281
Let p(k) = -k**2. Let n(x) = x**3 - 3*x**2 + 8*x + 2. Let b(q) = n(q) + 4*p(q). What are the prime factors of b(6)?
2, 7
Let b(q) = -12*q**3 + 2*q**2 + q + 2. Suppose 3*g + 0*g = h - 4, -4 = -g + 3*h. List the prime factors of b(g).
2, 13
Suppose -6*n + 963 = -2*n + 3*m, 3*n - 744 = 5*m. What are the prime factors of n?
3
Let y(x) = 97*x**2 - 4*x + 2. What are the prime factors of y(2)?
2, 191
Let n = 23 - 28. Let c(r) = -9*r + 9. What are the prime factors of c(n)?
2, 3
Suppose 9 = 5*j - 6. Suppose -588 = -j*s - 177. List the prime factors of s.
137
What are the prime factors of 3/(-4)*(-4442 - 130)?
3, 127
List the prime factors of (4 - 3)/((-6)/(-3732)).
2, 311
Let n(w) = -6 + 8*w - 2*w**2 + 13*w**2 - 2 + w**3. Let x = 22 + -32. List the prime factors of n(x).
2, 3
Let l(a) = -15*a + 1. Let k(h) = -30*h + 1. Let r(x) = 4*k(x) - 7*l(x). List the prime factors of r(-3).
2, 3, 7
Suppose 0 = -67*x + 16796 + 39149. List the prime factors of x.
5, 167
Suppose 15 = -50*q + 55*q. Suppose -4*w = -q*o + 136 + 112, 4*o - 356 = -w. List the prime factors of o.
2, 11
Let z(u) = -42*u + 580. Let h be z(13). Let r = -6 + 13. Let f = r + h. List the prime factors of f.
41
Let p = 36 - 23. Let c be (13/(-6))/(p/(-78)). Let o = c + 4. What are the prime factors of o?
17
Suppose 55 = -5*p + 4*p. Let u be (p/(-4))/(16/128). Suppose -3*l + u = -l. What are the prime factors of l?
5, 11
Suppose 13*m - 83 = 34. Suppose -750 = -v - m*v. What are the prime factors of v?
3, 5
Let x = -30 - -93. Let f = x - 60. List the prime factors of f.
3
Suppose -3*g + 384 = -207. What are the prime factors of g?
197
What are the prime factors of 4/8*(3 - -7) - -937?
2, 3, 157
Suppose -6*r + 15 = -3*r. Suppose 4*x = r*x - 2. What are the prime factors of ((-34)/3)/(x/(-3))?
17
Let a(i) = i**3 + 3*i**2 - i + 4. Let x be a(-4). Let b(f) = f**3 + 7*f**2 - 11*f - 9. What are the prime factors of b(x)?
3, 5
Let m(a) = 9*a**2 + 2*a - 2. Let q be m(1). List the prime factors of 44 - (-3)/q*-3.
43
Suppose 26*b - 24*b - 8 = 0. Let j be (-5 - b/(-1))*10. Let w = j + 35. List the prime factors of w.
5
Let g = 16 - -9. What are the prime factors of 730/6 - g/(-75)?
2, 61
List the prime factors of (-3 - (-55)/20) + (-31854)/(-24).
1327
Suppose 3*a + 42 - 39 = 0. List the prime factors of 3385/15 - a/3.
2, 113
Let g = 1474 - 1045. What are the prime factors of g?
3, 11, 13
Let k be ((-5)/3)/(6/108). Let t = k + 79. List the prime factors of t.
7
Suppose -3*g - 219 = -q, q = 5 - 2. What are the prime factors of 1 + ((-10)/(-4))/((-4)/g)?
2, 23
Let n(s) = -6 + 7*s - 2 + 2. List the prime factors of n(5).
29
Suppose 0 = 2*g + 5*s + 4540, 3*g - 4*s + 1042 = -5722. What are the prime factors of (-15)/(-6) + -3 - g/8?
2, 3, 47
List the prime factors of (21/(-35))/(2/(-20)).
2, 3
Let d = -2 - -5. Suppose d*o - 9 = -4*r, 6*r = 2*o + r - 6. Suppose 2*s = 3*l - 6, 2 = -o*l - 3*s + 23. What are the prime factors of l?
2
Let w = 2759 + -1647. List the prime factors of w.
2, 139
Let d(h) = h**3 - 2*h**2 - 2*h - 3. Let n be d(3). Let a be (-1 + n)*(13 - -4). Let s = a - -39. List the prime factors of s.
2, 11
Let l = 3897 + -2734. List the prime factors of l.
1163
List the prime factors of 10 - (0 - 0 - (5 + 0)).
3, 5
Let q(i) = -109*i - 7. Let v be q(11). What are the prime factors of (v/36)/(2/(-4))?
67
Let k(o) = 52*o**3 + o**2 + 1. Let g be k(1). Let r = -40 + g. List the prime factors of r.
2, 7
Let g = -105 - -107. Let u be 670/8 + (-2)/(-8). Suppose -3*h = 4*j - u, -g*h + 0*j = 5*j - 49. What are the prime factors of h?
2
Let b = -16 - -19. Let t be b/(-9) + (-488)/(-6). Suppose 75 + t = 4*u. What are the prime factors of u?
3, 13
Suppose -11*v - 5136 = -23*v. List the prime factors of v.
2, 107
Let w(z) = z**3 + 10*z**2 - 10*z + 14. Let r be w(-11). Suppose -71 = -r*p + 94. List the prime factors of p.
5, 11
Let v be (3/9)/((-6)/(-36)). Suppose -61 = -4*j - 3*p, -3 - 25 = -v*j - 4*p. What are the prime factors of j?
2
Suppose 100*k = 84*k + 25744. What are the prime factors of k?
1609
Let s(h) = h**2 - 2*h + 2. Let c be s(2). Suppose -c*q - 2*z + 7*z - 16 = 0, 0 = 3*z - 6. List the prime factors of (-93)/9*q - 1.
2, 3, 5
Let c = -163 - -145. List the prime factors of (-942)/(-4)*(-12)/c.
157
Let i = 167 + -32. Let w = i - -45. Suppose 4*j - 8*j = -w. List the prime factors of j.
3, 5
Let p(h) = -38 - 1 + 0 + 4*h. List the prime factors of p(17).
29
Let n(m) = -7*m - 54. Let i be n(-8). Suppose -i*z + 183 = -177. What are the prime factors of z?
2, 3, 5
Let w = -35 - -57. Let l(a) = -a**2 + 26*a - 55. What are the prime factors of l(w)?
3, 11
Let n = -135 + 135. Suppose n = 4*w - 4*m - 28, -2*w + 4*m + 40 = 3*w. What are the prime factors of w?
2, 3
Suppose 4*b + 61*r = 60*r + 3059, 5*r + 749 = b. What are the prime factors of b?
2, 191
Let r(j) = -2*j**3 + 2*j**2 + 2*j. Let o be r(2). Suppose 5*p + 28 = 3*y, -y + 10 = -5*p + 4. List the prime factors of o/22 - (-420)/y.
2, 19
What are the prime factors of 862/5*10/4?
431
List the prime factors of 433*7 + -2*(-40)/20.
5, 607
Let l(s) =